 - d*l. What is the tens digit of 17 + (3 - b)/3?
1
Let c = 309 + 277. Suppose l = 3*u - 879, -6*l + 10*l = -2*u + c. What is the hundreds digit of u?
2
Let l(j) = 42*j + 37. What is the tens digit of l(11)?
9
Suppose 106623 = 105*r - 44787. What is the tens digit of r?
4
Let g = -1684 + 2513. What is the hundreds digit of g?
8
Let h be (-6)/9*(-381)/(1/(-1)). Let b = -73 - h. What is the tens digit of b?
8
Let v(i) = 4*i - 3 - 1 + 14*i. Suppose 3*s = 15, 5*u + 0 = 4*s - 5. What is the units digit of v(u)?
0
Let g = -8 + 23. Suppose 3*x + y = -2*x + 13, g = 3*x - 3*y. Suppose x = z - 0. What is the units digit of z?
3
What is the hundreds digit of 1376 + (10/4)/((-1)/(-2))?
3
Let n = 2 - 2. Let p(x) = -21*x - 2. Let y be p(-2). Let w = y - n. What is the tens digit of w?
4
Let j(v) = -4*v + 22. Let k be j(7). What is the units digit of -1*1940/(-30)*k/(-4)?
7
Let s(p) = 11*p**2 - 86*p - 20. What is the tens digit of s(15)?
6
Let s(g) = 47*g - 6. Let d be s(4). What is the tens digit of (d/(-3))/7*-3?
2
Let k(y) be the second derivative of y**5/20 - y**4/6 + y**3/3 + y**2 + 10*y. Let h be k(2). Suppose 9*u = h*u + 96. What is the units digit of u?
2
What is the thousands digit of 1/(80272/(-8920) + 9)?
1
Suppose 0 = -5*x - 4*x. Suppose x = 5*a - 0 - 10. Suppose -g + 84 = a*u - 3*g, -g = 2. What is the tens digit of u?
4
What is the units digit of 3 + 2 - (-4 + 35)*-19?
4
Let g(q) = 159*q**2 + 40*q + 16. What is the tens digit of g(-4)?
0
What is the thousands digit of (723 - -1)/((-60)/(-375))?
4
Suppose 0 = -4*c - 4*r + 52, 3*c - 5*r + 54 = 7*c. Suppose -28 = -13*s + c*s. What is the units digit of s/35 - (-248)/5?
0
What is the thousands digit of ((-30)/(-3))/(8/1828)?
2
Let n = 1883 + -1223. What is the hundreds digit of n?
6
Let q = 4 - 11. What is the units digit of (-210)/q*(-6)/(-15)?
2
What is the units digit of 3*57889/273 - (-2)/(-14)?
6
Let b(t) = -4*t**2 - 2. Let c(h) = -5*h**2 - 3. Let z(g) = 6*b(g) - 5*c(g). Let w be z(3). What is the tens digit of 6*(-56)/w*-1?
2
Suppose 4*t - 8486 = -2*u + 432, -4*t = 4*u - 8920. What is the thousands digit of t?
2
Suppose 5*c - 3605 = -5*b, -c - c - 2866 = -4*b. What is the tens digit of b?
1
Suppose 6 + 2 = -4*r. Let b be 1 + r/(-2)*-1. Suppose -2*i = 3*f - b*f - 50, i = 4*f - 85. What is the tens digit of f?
2
Let n(v) = 2*v**2 - 51*v + 30. What is the hundreds digit of n(-27)?
8
What is the units digit of ((-1206)/(-5))/(4/10)?
3
Let o = 1 - -4. Suppose 0 = 3*f + 4*d - 31, -4*f = o*d + 3 - 43. Suppose -k - 32 = -5*q + 88, f*q - 120 = -4*k. What is the units digit of q?
4
Suppose 0 = 3*k + 2*k + 4*v - 7185, 0 = -4*k + 4*v + 5784. What is the tens digit of k?
4
Suppose 19 = 5*s - b, 0*s - 7 = 3*s + 4*b. Suppose -s*g = 2*f - 75 + 18, 25 = 5*g. Suppose f = 2*z - 15. What is the tens digit of z?
1
Let o(f) = -f**2 - 8*f + 15. Let a = -2 - 6. What is the tens digit of o(a)?
1
Suppose 0 = 4*i - 5*f + 232, -i = i - 4*f + 110. What is the units digit of -15*6/(-2)*(-14)/i?
0
Let g = -2911 - -4188. What is the thousands digit of g?
1
Let z be (-6)/4 + (-7 - 126/(-12)). What is the tens digit of ((-208)/(-3))/(z/3)?
0
Suppose -i - 100 = 3*d - 3*i, d - 4*i + 50 = 0. What is the tens digit of ((-45)/6)/5*d?
4
Let r(q) = -7*q + 32. Let l be (-55)/4 + 4 + 17/(-4). What is the hundreds digit of r(l)?
1
Suppose 8*q = -8*q - 1216. Let h = 5 - q. What is the tens digit of h?
8
Let t(v) = -v + 15. Let o be t(12). Suppose 0*q + 4*q - 4*s = 0, 2*q + 2 = o*s. Suppose -q*c = -19 + 5. What is the units digit of c?
7
Let u = -6627 - -9984. What is the tens digit of u?
5
Let l = 2 - -1. Suppose -4*m + 5 = -4*b - 7, -2*b - l*m = -14. What is the units digit of 26 + (-1 - b - -1)?
5
Let w = 21 + -37. Let d = w + 32. Suppose -n + d = -15. What is the units digit of n?
1
Let t be (0*7/(-28))/3. Let r = 122 - 57. Suppose 5*n = -t + r. What is the tens digit of n?
1
Suppose 4*f = 5*o - 45, o + 6*f = 3*f + 9. Suppose -o = 4*s + 19. Let t = 6 - s. What is the tens digit of t?
1
Let k = -9 - -96. What is the tens digit of k?
8
What is the thousands digit of 70534/16 - ((-106)/16 - -7)?
4
Let c be 3 + (-7)/(14/30). Let x be ((-88)/(-4))/((-8)/c). Let m = -23 + x. What is the tens digit of m?
1
Let f = 10 + -18. Let h be 24/9 - f/(-12). Suppose n + n = h. What is the units digit of n?
1
Let l be (-1*8)/(-4)*4. Let n = l - 6. Suppose 6*x = n*x + 160. What is the units digit of x?
0
Suppose -340 = 2*n + d, n + 692 = -3*n - 5*d. Let h = -101 - n. Suppose 5*m - h = 63. What is the tens digit of m?
2
Let w(u) = -4*u**2 - 10*u - 7. Let r be w(-7). Let n = -84 - r. What is the tens digit of n?
4
Let k(l) be the second derivative of -l**3/6 + 3*l**2 + 3*l. Let n be k(3). Suppose -8 = h - n*h. What is the units digit of h?
4
Suppose 0 = -2*c + 6*c - 12, -c + 37 = 2*n. Let t = n - 24. Let f = t - -31. What is the units digit of f?
4
Suppose 4553 - 73755 = -14*h. What is the units digit of h?
3
Suppose 0 = 3*i + 2*m + 138 - 1534, -i - 4*m + 472 = 0. What is the tens digit of i?
6
Suppose 0 = 3*l - 9*i + 13*i - 396, -5*l + 3*i + 660 = 0. What is the hundreds digit of l?
1
What is the units digit of 677 + 3 + 42/(-7)?
4
What is the hundreds digit of (-220 - -1)/((-24)/424)?
8
Suppose -z - 2 = -5. Suppose -4*x + 27 = x - z*j, j + 4 = 0. Suppose 0 = 2*y - x - 51. What is the units digit of y?
7
Let t(i) = 13*i**2 - 9 + 14*i - 14*i**2 - 3*i. Suppose 5*g = g + 28. What is the tens digit of t(g)?
1
Let z(c) = 6*c**2 - 19*c - 86. What is the hundreds digit of z(-8)?
4
Let r(y) = -2*y**2 - 15*y + 13. Let n be r(-8). What is the tens digit of (2/n)/(10/(-25)) + 144?
4
Suppose 2*j - 2137 - 286 = 5*q, -6011 = -5*j - 3*q. What is the thousands digit of j?
1
Let q = 1997 - -8. What is the tens digit of q?
0
Let l be (2 - 0)/(-2 + 3). Suppose -l*y - 5*p = 23, 3*y + p + 15 = -0*p. What is the units digit of (y - (-2 - 2)) + 20?
0
Let y(u) = -u. Let g be y(-2). Let j(b) = 7 + 0 + 7*b**g + b**3 - 10*b + 1. What is the units digit of j(-8)?
4
Let s = -24 - -21. What is the hundreds digit of 5/(15/783) - (-1 - s)?
2
Let l(q) = 3*q**3 + 26*q**2 + 14*q + 2. Let g(k) = 3*k + 62*k**3 + 1 - 61*k**3 + 2*k + 9*k**2. Let f(y) = 8*g(y) - 3*l(y). What is the tens digit of f(-7)?
6
Let p(j) = j + 4. Let d be p(-4). Let h(x) = x**3 + x. Let f be h(d). Suppose f*t = -t + 20. What is the units digit of t?
0
Let x(v) = 61*v - 112. What is the tens digit of x(10)?
9
Let l be (3 - 0 - 4)/((-3)/15). Suppose l*i = 551 - 146. What is the units digit of i?
1
Let c(n) = -2*n + 28. Let b = -9 + 5. What is the tens digit of c(b)?
3
Suppose f + 4*r + 38 = 4, 3*f + 57 = -3*r. Suppose -3*p + 2*b = 3*b + 34, 3*p + 30 = -3*b. What is the units digit of 42/9*p/f?
4
What is the hundreds digit of (-27 + 3)*-62*(-15)/(-24)?
9
What is the hundreds digit of (-7*1070/280)/((-2)/8)?
1
Let c be 1*(4 + 2/(-1)). What is the tens digit of (-198)/(-15) - c/10?
1
Let r(k) = -279*k**3 - k**2 + 2. Let p(y) = -y**3 - 2*y**2 + 9*y + 3. Let s be p(-4). What is the hundreds digit of r(s)?
2
Let u = 29 - 22. Let v(c) be the first derivative of c**4/4 - 2*c**3 - 16*c - 4. What is the units digit of v(u)?
3
Let c be 40304/143 + (-4)/(-26). Suppose 3 = -9*o + c. What is the units digit of o?
1
Suppose 4*g = 3*a - 31, -5*g - 5*a + 3 + 2 = 0. Let s = 46 + g. What is the units digit of s?
2
Let j(n) be the third derivative of n**5/60 - n**4/24 + 55*n**3/6 - n**2. Let d = -17 - -17. What is the units digit of j(d)?
5
Let c = 754 + 28. What is the units digit of c?
2
Let k be (10/(-3))/(2/(-3)). Suppose x + 1 = -1, 4*l = k*x + 234. What is the units digit of l?
6
What is the units digit of (-45)/(-9) + 261/1?
6
Let v(p) = -4*p + 15. Let r be v(4). Let w(k) = -54*k**3 - k**2 - 4*k - 3. What is the units digit of w(r)?
4
Let z(v) = 7*v**2 - 3*v - 1. Let g = -26 - -29. Suppose r - m = 2*m - 4, -2*r = -g*m + 2. What is the units digit of z(r)?
1
Let j(f) = -f**3 - 4*f**2 + 8. Let x be j(-4). Let t(h) = -h**2 + 12*h - 2. What is the tens digit of t(x)?
3
Let b(u) be the first derivative of -u**4/4 + 2*u**3 - u**2 + 2*u + 14. What is the units digit of b(4)?
6
Suppose 0 = 2*n - 3*a - 215 - 1225, -a = -2. What is the units digit of n?
3
Let l = -5 + -3. Let c be (l/4)/((-2)/(-87)). Let f = c - -139. What is the tens d